{"id":104,"date":"2025-06-30T12:56:23","date_gmt":"2025-06-30T09:56:23","guid":{"rendered":"https:\/\/www.milliconcept.fi\/huonekalut\/?page_id=104"},"modified":"2025-11-17T12:53:51","modified_gmt":"2025-11-17T10:53:51","slug":"lisavarusteet","status":"publish","type":"page","link":"https:\/\/www.milliconcept.fi\/huonekalut\/lisavarusteet\/","title":{"rendered":"Lis\u00e4varusteet"},"content":{"rendered":"\n<div class=\"wp-block-cover has-custom-content-position is-position-bottom-center has-valkoinen-color has-text-color has-link-color wp-elements-c200a3767c935065b67847a977f60000\" style=\"min-height:338px;aspect-ratio:unset;\"><img loading=\"lazy\" decoding=\"async\" width=\"1024\" height=\"778\" class=\"wp-block-cover__image-background wp-image-389 size-large\" alt=\"\" src=\"https:\/\/www.milliconcept.fi\/huonekalut\/wp-content\/uploads\/sites\/3\/2025\/07\/KRAASELI_Lipasto_02_Musta_Harmaatammi_-1-1-1024x778.png\" style=\"object-position:71% 33%\" data-object-fit=\"cover\" data-object-position=\"71% 33%\" srcset=\"https:\/\/www.milliconcept.fi\/huonekalut\/wp-content\/uploads\/sites\/3\/2025\/07\/KRAASELI_Lipasto_02_Musta_Harmaatammi_-1-1-1024x778.png 1024w, https:\/\/www.milliconcept.fi\/huonekalut\/wp-content\/uploads\/sites\/3\/2025\/07\/KRAASELI_Lipasto_02_Musta_Harmaatammi_-1-1-300x228.png 300w, https:\/\/www.milliconcept.fi\/huonekalut\/wp-content\/uploads\/sites\/3\/2025\/07\/KRAASELI_Lipasto_02_Musta_Harmaatammi_-1-1-768x583.png 768w, https:\/\/www.milliconcept.fi\/huonekalut\/wp-content\/uploads\/sites\/3\/2025\/07\/KRAASELI_Lipasto_02_Musta_Harmaatammi_-1-1-1536x1166.png 1536w, https:\/\/www.milliconcept.fi\/huonekalut\/wp-content\/uploads\/sites\/3\/2025\/07\/KRAASELI_Lipasto_02_Musta_Harmaatammi_-1-1-2048x1555.png 2048w\" sizes=\"auto, (max-width: 1024px) 100vw, 1024px\" \/><span aria-hidden=\"true\" class=\"wp-block-cover__background has-black-background-color has-background-dim-0 has-background-dim\"><\/span><div class=\"wp-block-cover__inner-container is-layout-constrained wp-block-cover-is-layout-constrained\">\n<div class=\"wp-block-columns are-vertically-aligned-bottom is-not-stacked-on-mobile is-layout-flex wp-container-core-columns-is-layout-9d6595d7 wp-block-columns-is-layout-flex\">\n<div class=\"wp-block-column is-vertically-aligned-bottom is-layout-flow wp-block-column-is-layout-flow\">\n<div id=\"breadcrumbs\"><span><span><a href=\"https:\/\/www.milliconcept.fi\/huonekalut\/\">Etusivu<\/a><\/span><\/span><\/div>\n<\/div>\n\n\n\n<div class=\"wp-block-column is-vertically-aligned-bottom is-style-hide-on-mobile is-layout-flow wp-block-column-is-layout-flow\" style=\"flex-basis:185px\">\n<figure class=\"wp-block-image size-full\"><img decoding=\"async\" src=\"https:\/\/www.milliconcept.fi\/wp-content\/uploads\/2025\/05\/ee07ccb3a94017bfa9ee039df97d2e60a5cb59e5.png\" alt=\"\" class=\"wp-image-91\"\/><\/figure>\n<\/div>\n<\/div>\n<\/div><\/div>\n\n\n\n<div style=\"height:47px\" aria-hidden=\"true\" class=\"wp-block-spacer\"><\/div>\n\n\n\n<h2 class=\"wp-block-heading\">Lis\u00e4varusteet<\/h2>\n\n\n\n<p>Viimeistele kustomoitu huonekalusi tyyliisi sopivilla vetimill\u00e4 tai kalustejaloilla.<\/p>\n\n\n\n<h3 class=\"wp-block-heading\">Vetimet<\/h3>\n\n\n<div class=\"products-block\">\n            <div class=\"products-list\" data-amount=\"-1\" data-category=\"vetimet\">\n            <div class=\"products list\"><a href=\"https:\/\/www.milliconcept.fi\/huonekalut\/tuotteet\/listavedin\/\" class=\"post\">\n            <div class=\"thumbnail contain\">\n                <img loading=\"lazy\" decoding=\"async\" width=\"300\" height=\"230\" src=\"https:\/\/www.milliconcept.fi\/huonekalut\/wp-content\/uploads\/sites\/3\/2025\/06\/Milli-Concept-listavedin-musta-300x230.jpg\" class=\"attachment-medium size-medium wp-post-image\" alt=\"\" srcset=\"https:\/\/www.milliconcept.fi\/huonekalut\/wp-content\/uploads\/sites\/3\/2025\/06\/Milli-Concept-listavedin-musta-300x230.jpg 300w, https:\/\/www.milliconcept.fi\/huonekalut\/wp-content\/uploads\/sites\/3\/2025\/06\/Milli-Concept-listavedin-musta.jpg 450w\" sizes=\"auto, (max-width: 300px) 100vw, 300px\" \/>                <div class=\"plus\"><\/div>\n            <\/div>\n            <div class=\"title\">\n                <h3>Listavedin<\/h3>\n            <\/div>\n        <\/a><a href=\"https:\/\/www.milliconcept.fi\/huonekalut\/tuotteet\/nuppivedin-3\/\" class=\"post\">\n            <div class=\"thumbnail contain\">\n                <img loading=\"lazy\" decoding=\"async\" width=\"300\" height=\"237\" src=\"https:\/\/www.milliconcept.fi\/huonekalut\/wp-content\/uploads\/sites\/3\/2025\/06\/Musta-nuppi.png\" class=\"attachment-medium size-medium wp-post-image\" alt=\"\" \/>                <div class=\"plus\"><\/div>\n            <\/div>\n            <div class=\"title\">\n                <h3>Nuppivedin<\/h3>\n            <\/div>\n        <\/a><a href=\"https:\/\/www.milliconcept.fi\/huonekalut\/tuotteet\/nahkainen-vedin\/\" class=\"post\">\n            <div class=\"thumbnail contain\">\n                <img loading=\"lazy\" decoding=\"async\" width=\"300\" height=\"272\" src=\"https:\/\/www.milliconcept.fi\/huonekalut\/wp-content\/uploads\/sites\/3\/2025\/06\/nahkavetimet-e1721643832230-300x272.jpg\" class=\"attachment-medium size-medium wp-post-image\" alt=\"\" srcset=\"https:\/\/www.milliconcept.fi\/huonekalut\/wp-content\/uploads\/sites\/3\/2025\/06\/nahkavetimet-e1721643832230-300x272.jpg 300w, https:\/\/www.milliconcept.fi\/huonekalut\/wp-content\/uploads\/sites\/3\/2025\/06\/nahkavetimet-e1721643832230.jpg 355w\" sizes=\"auto, (max-width: 300px) 100vw, 300px\" \/>                <div class=\"plus\"><\/div>\n            <\/div>\n            <div class=\"title\">\n                <h3>Nahkainen vedin<\/h3>\n            <\/div>\n        <\/a><a href=\"https:\/\/www.milliconcept.fi\/huonekalut\/tuotteet\/ligo-nuppivedin\/\" class=\"post\">\n            <div class=\"thumbnail cover\">\n                <img loading=\"lazy\" decoding=\"async\" width=\"300\" height=\"300\" src=\"https:\/\/www.milliconcept.fi\/huonekalut\/wp-content\/uploads\/sites\/3\/2025\/11\/maalattu-ligo-300x300.jpg\" class=\"attachment-medium size-medium wp-post-image\" alt=\"\" srcset=\"https:\/\/www.milliconcept.fi\/huonekalut\/wp-content\/uploads\/sites\/3\/2025\/11\/maalattu-ligo-300x300.jpg 300w, https:\/\/www.milliconcept.fi\/huonekalut\/wp-content\/uploads\/sites\/3\/2025\/11\/maalattu-ligo-150x150.jpg 150w, https:\/\/www.milliconcept.fi\/huonekalut\/wp-content\/uploads\/sites\/3\/2025\/11\/maalattu-ligo.jpg 600w\" sizes=\"auto, (max-width: 300px) 100vw, 300px\" \/>                <div class=\"plus\"><\/div>\n            <\/div>\n            <div class=\"title\">\n                <h3>Ligo nuppivedin<\/h3>\n            <\/div>\n        <\/a><a href=\"https:\/\/www.milliconcept.fi\/huonekalut\/tuotteet\/ligo-nuppivedin-2\/\" class=\"post\">\n            <div class=\"thumbnail contain\">\n                <img loading=\"lazy\" decoding=\"async\" width=\"300\" height=\"300\" src=\"https:\/\/www.milliconcept.fi\/huonekalut\/wp-content\/uploads\/sites\/3\/2025\/11\/022251_1-1-300x300.jpg\" class=\"attachment-medium size-medium wp-post-image\" alt=\"Ligo nuppivedin\" srcset=\"https:\/\/www.milliconcept.fi\/huonekalut\/wp-content\/uploads\/sites\/3\/2025\/11\/022251_1-1-300x300.jpg 300w, https:\/\/www.milliconcept.fi\/huonekalut\/wp-content\/uploads\/sites\/3\/2025\/11\/022251_1-1-150x150.jpg 150w, https:\/\/www.milliconcept.fi\/huonekalut\/wp-content\/uploads\/sites\/3\/2025\/11\/022251_1-1.jpg 600w\" sizes=\"auto, (max-width: 300px) 100vw, 300px\" \/>                <div class=\"plus\"><\/div>\n            <\/div>\n            <div class=\"title\">\n                <h3>Ligo nuppivedin<\/h3>\n            <\/div>\n        <\/a><a href=\"https:\/\/www.milliconcept.fi\/huonekalut\/tuotteet\/antica-lankavedin\/\" class=\"post\">\n            <div class=\"thumbnail cover\">\n                <img loading=\"lazy\" decoding=\"async\" width=\"300\" height=\"300\" src=\"https:\/\/www.milliconcept.fi\/huonekalut\/wp-content\/uploads\/sites\/3\/2025\/11\/022111_1-1-300x300.jpg\" class=\"attachment-medium size-medium wp-post-image\" alt=\"\" srcset=\"https:\/\/www.milliconcept.fi\/huonekalut\/wp-content\/uploads\/sites\/3\/2025\/11\/022111_1-1-300x300.jpg 300w, https:\/\/www.milliconcept.fi\/huonekalut\/wp-content\/uploads\/sites\/3\/2025\/11\/022111_1-1-150x150.jpg 150w, https:\/\/www.milliconcept.fi\/huonekalut\/wp-content\/uploads\/sites\/3\/2025\/11\/022111_1-1.jpg 600w\" sizes=\"auto, (max-width: 300px) 100vw, 300px\" \/>                <div class=\"plus\"><\/div>\n            <\/div>\n            <div class=\"title\">\n                <h3>Antica lankavedin<\/h3>\n            <\/div>\n        <\/a><a href=\"https:\/\/www.milliconcept.fi\/huonekalut\/tuotteet\/wire-lankavedin\/\" class=\"post\">\n            <div class=\"thumbnail cover\">\n                <img loading=\"lazy\" decoding=\"async\" width=\"300\" height=\"300\" src=\"https:\/\/www.milliconcept.fi\/huonekalut\/wp-content\/uploads\/sites\/3\/2025\/11\/022272_2-1-300x300.jpg\" class=\"attachment-medium size-medium wp-post-image\" alt=\"\" srcset=\"https:\/\/www.milliconcept.fi\/huonekalut\/wp-content\/uploads\/sites\/3\/2025\/11\/022272_2-1-300x300.jpg 300w, https:\/\/www.milliconcept.fi\/huonekalut\/wp-content\/uploads\/sites\/3\/2025\/11\/022272_2-1-150x150.jpg 150w, https:\/\/www.milliconcept.fi\/huonekalut\/wp-content\/uploads\/sites\/3\/2025\/11\/022272_2-1.jpg 600w\" sizes=\"auto, (max-width: 300px) 100vw, 300px\" \/>                <div class=\"plus\"><\/div>\n            <\/div>\n            <div class=\"title\">\n                <h3>Wire lankavedin<\/h3>\n            <\/div>\n        <\/a><a href=\"https:\/\/www.milliconcept.fi\/huonekalut\/tuotteet\/arpa-vedin\/\" class=\"post\">\n            <div class=\"thumbnail cover\">\n                <img loading=\"lazy\" decoding=\"async\" width=\"300\" height=\"300\" src=\"https:\/\/www.milliconcept.fi\/huonekalut\/wp-content\/uploads\/sites\/3\/2025\/11\/022410-2-300x300.jpg\" class=\"attachment-medium size-medium wp-post-image\" alt=\"\" srcset=\"https:\/\/www.milliconcept.fi\/huonekalut\/wp-content\/uploads\/sites\/3\/2025\/11\/022410-2-300x300.jpg 300w, https:\/\/www.milliconcept.fi\/huonekalut\/wp-content\/uploads\/sites\/3\/2025\/11\/022410-2-150x150.jpg 150w, https:\/\/www.milliconcept.fi\/huonekalut\/wp-content\/uploads\/sites\/3\/2025\/11\/022410-2-768x768.jpg 768w, https:\/\/www.milliconcept.fi\/huonekalut\/wp-content\/uploads\/sites\/3\/2025\/11\/022410-2.jpg 800w\" sizes=\"auto, (max-width: 300px) 100vw, 300px\" \/>                <div class=\"plus\"><\/div>\n            <\/div>\n            <div class=\"title\">\n                <h3>Arpa vedin<\/h3>\n            <\/div>\n        <\/a><\/div>        <\/div>\n    <\/div>\n\n\n<h3 class=\"wp-block-heading\">Kalustejalat<\/h3>\n\n\n<div class=\"products-block\">\n            <div class=\"products-list\" data-amount=\"-1\" data-category=\"kalustejalat\">\n            <div class=\"products list\"><a href=\"https:\/\/www.milliconcept.fi\/huonekalut\/tuotteet\/teleskooppi-kalustejalat\/\" class=\"post\">\n            <div class=\"thumbnail contain\">\n                <img loading=\"lazy\" decoding=\"async\" width=\"300\" height=\"226\" src=\"https:\/\/www.milliconcept.fi\/huonekalut\/wp-content\/uploads\/sites\/3\/2025\/06\/RST_teleskooppijalat_2320-300x226.jpg\" class=\"attachment-medium size-medium wp-post-image\" alt=\"\" srcset=\"https:\/\/www.milliconcept.fi\/huonekalut\/wp-content\/uploads\/sites\/3\/2025\/06\/RST_teleskooppijalat_2320-300x226.jpg 300w, https:\/\/www.milliconcept.fi\/huonekalut\/wp-content\/uploads\/sites\/3\/2025\/06\/RST_teleskooppijalat_2320.jpg 450w\" sizes=\"auto, (max-width: 300px) 100vw, 300px\" \/>                <div class=\"plus\"><\/div>\n            <\/div>\n            <div class=\"title\">\n                <h3>Py\u00f6re\u00e4 teleskooppijalka<\/h3>\n            <\/div>\n        <\/a><a href=\"https:\/\/www.milliconcept.fi\/huonekalut\/tuotteet\/alumiinijalat\/\" class=\"post\">\n            <div class=\"thumbnail contain\">\n                <img loading=\"lazy\" decoding=\"async\" width=\"300\" height=\"281\" src=\"https:\/\/www.milliconcept.fi\/huonekalut\/wp-content\/uploads\/sites\/3\/2025\/06\/Alumiinijalka_40x40_kaikki_varit_2470-1-300x281.jpg\" class=\"attachment-medium size-medium wp-post-image\" alt=\"\" srcset=\"https:\/\/www.milliconcept.fi\/huonekalut\/wp-content\/uploads\/sites\/3\/2025\/06\/Alumiinijalka_40x40_kaikki_varit_2470-1-300x281.jpg 300w, https:\/\/www.milliconcept.fi\/huonekalut\/wp-content\/uploads\/sites\/3\/2025\/06\/Alumiinijalka_40x40_kaikki_varit_2470-1.jpg 450w\" sizes=\"auto, (max-width: 300px) 100vw, 300px\" \/>                <div class=\"plus\"><\/div>\n            <\/div>\n            <div class=\"title\">\n                <h3>Kantikas alumiinijalka<\/h3>\n            <\/div>\n        <\/a><a href=\"https:\/\/www.milliconcept.fi\/huonekalut\/tuotteet\/fonda-kalustejalka\/\" class=\"post\">\n            <div class=\"thumbnail contain\">\n                <img loading=\"lazy\" decoding=\"async\" width=\"300\" height=\"300\" src=\"https:\/\/www.milliconcept.fi\/huonekalut\/wp-content\/uploads\/sites\/3\/2025\/06\/Milli-kalusteet-tuotekuvat--300x300.jpg\" class=\"attachment-medium size-medium wp-post-image\" alt=\"\" srcset=\"https:\/\/www.milliconcept.fi\/huonekalut\/wp-content\/uploads\/sites\/3\/2025\/06\/Milli-kalusteet-tuotekuvat--300x300.jpg 300w, https:\/\/www.milliconcept.fi\/huonekalut\/wp-content\/uploads\/sites\/3\/2025\/06\/Milli-kalusteet-tuotekuvat--1024x1024.jpg 1024w, https:\/\/www.milliconcept.fi\/huonekalut\/wp-content\/uploads\/sites\/3\/2025\/06\/Milli-kalusteet-tuotekuvat--150x150.jpg 150w, https:\/\/www.milliconcept.fi\/huonekalut\/wp-content\/uploads\/sites\/3\/2025\/06\/Milli-kalusteet-tuotekuvat--768x768.jpg 768w, https:\/\/www.milliconcept.fi\/huonekalut\/wp-content\/uploads\/sites\/3\/2025\/06\/Milli-kalusteet-tuotekuvat-.jpg 1080w\" sizes=\"auto, (max-width: 300px) 100vw, 300px\" \/>                <div class=\"plus\"><\/div>\n            <\/div>\n            <div class=\"title\">\n                <h3>L- kalustejalka<\/h3>\n            <\/div>\n        <\/a><a href=\"https:\/\/www.milliconcept.fi\/huonekalut\/tuotteet\/kalustejalka-2\/\" class=\"post\">\n            <div class=\"thumbnail cover\">\n                <img loading=\"lazy\" decoding=\"async\" width=\"300\" height=\"300\" src=\"https:\/\/www.milliconcept.fi\/huonekalut\/wp-content\/uploads\/sites\/3\/2025\/06\/il_1588xN.3024624657_bnlh.jpg-300x300.jpg\" class=\"attachment-medium size-medium wp-post-image\" alt=\"\" srcset=\"https:\/\/www.milliconcept.fi\/huonekalut\/wp-content\/uploads\/sites\/3\/2025\/06\/il_1588xN.3024624657_bnlh.jpg-300x300.jpg 300w, https:\/\/www.milliconcept.fi\/huonekalut\/wp-content\/uploads\/sites\/3\/2025\/06\/il_1588xN.3024624657_bnlh.jpg-150x150.jpg 150w, https:\/\/www.milliconcept.fi\/huonekalut\/wp-content\/uploads\/sites\/3\/2025\/06\/il_1588xN.3024624657_bnlh.jpg.jpg 450w\" sizes=\"auto, (max-width: 300px) 100vw, 300px\" \/>                <div class=\"plus\"><\/div>\n            <\/div>\n            <div class=\"title\">\n                <h3>Y-kalustejalka<\/h3>\n            <\/div>\n        <\/a><\/div>        <\/div>\n    <\/div>\n\n\n<h3 class=\"wp-block-heading\">Muut<\/h3>\n\n\n<div class=\"products-block\">\n            <div class=\"products-list\" data-amount=\"-1\" data-category=\"muut\">\n            <div class=\"products list\"><a href=\"https:\/\/www.milliconcept.fi\/huonekalut\/tuotteet\/naulakkokoukku\/\" class=\"post\">\n            <div class=\"thumbnail contain\">\n                <img loading=\"lazy\" decoding=\"async\" width=\"300\" height=\"230\" src=\"https:\/\/www.milliconcept.fi\/huonekalut\/wp-content\/uploads\/sites\/3\/2025\/06\/naulakkokoukku-300x230.jpg\" class=\"attachment-medium size-medium wp-post-image\" alt=\"\" srcset=\"https:\/\/www.milliconcept.fi\/huonekalut\/wp-content\/uploads\/sites\/3\/2025\/06\/naulakkokoukku-300x230.jpg 300w, https:\/\/www.milliconcept.fi\/huonekalut\/wp-content\/uploads\/sites\/3\/2025\/06\/naulakkokoukku.jpg 450w\" sizes=\"auto, (max-width: 300px) 100vw, 300px\" \/>                <div class=\"plus\"><\/div>\n            <\/div>\n            <div class=\"title\">\n                <h3>Naulakkokoukku<\/h3>\n            <\/div>\n        <\/a><\/div>        <\/div>\n    <\/div>","protected":false},"excerpt":{"rendered":"<p>Lis\u00e4varusteet Viimeistele kustomoitu huonekalusi tyyliisi sopivilla vetimill\u00e4 tai kalustejaloilla. Vetimet Kalustejalat Muut<\/p>\n","protected":false},"author":3,"featured_media":0,"parent":0,"menu_order":0,"comment_status":"closed","ping_status":"closed","template":"","meta":{"_acf_changed":false,"footnotes":""},"class_list":["post-104","page","type-page","status-publish","hentry"],"acf":[],"yoast_head":"<!-- This site is optimized with the Yoast SEO plugin v27.4 - https:\/\/yoast.com\/product\/yoast-seo-wordpress\/ -->\n<title>Lis\u00e4varusteet - Milli Concept Huonekalut<\/title>\n<meta name=\"robots\" content=\"index, follow, max-snippet:-1, max-image-preview:large, max-video-preview:-1\" \/>\n<link rel=\"canonical\" href=\"https:\/\/www.milliconcept.fi\/huonekalut\/lisavarusteet\/\" \/>\n<meta property=\"og:locale\" content=\"fi_FI\" \/>\n<meta property=\"og:type\" content=\"article\" \/>\n<meta property=\"og:title\" content=\"Lis\u00e4varusteet - Milli Concept Huonekalut\" \/>\n<meta property=\"og:description\" content=\"Lis\u00e4varusteet Viimeistele kustomoitu huonekalusi tyyliisi sopivilla vetimill\u00e4 tai kalustejaloilla. Vetimet Kalustejalat Muut\" \/>\n<meta property=\"og:url\" content=\"https:\/\/www.milliconcept.fi\/huonekalut\/lisavarusteet\/\" \/>\n<meta property=\"og:site_name\" content=\"Milli Concept Huonekalut\" \/>\n<meta property=\"article:modified_time\" content=\"2025-11-17T10:53:51+00:00\" \/>\n<meta property=\"og:image\" content=\"https:\/\/www.milliconcept.fi\/huonekalut\/wp-content\/uploads\/sites\/3\/2025\/07\/KRAASELI_Lipasto_02_Musta_Harmaatammi_-1-1-1024x778.png\" \/>\n\t<meta property=\"og:image:width\" content=\"1024\" \/>\n\t<meta property=\"og:image:height\" content=\"778\" \/>\n\t<meta property=\"og:image:type\" content=\"image\/png\" \/>\n<meta name=\"twitter:card\" content=\"summary_large_image\" \/>\n<meta name=\"twitter:label1\" content=\"Arvioitu lukuaika\" \/>\n\t<meta name=\"twitter:data1\" content=\"1 minuutti\" \/>\n<script type=\"application\/ld+json\" class=\"yoast-schema-graph\">{\"@context\":\"https:\\\/\\\/schema.org\",\"@graph\":[{\"@type\":\"WebPage\",\"@id\":\"https:\\\/\\\/www.milliconcept.fi\\\/huonekalut\\\/lisavarusteet\\\/\",\"url\":\"https:\\\/\\\/www.milliconcept.fi\\\/huonekalut\\\/lisavarusteet\\\/\",\"name\":\"Lis\u00e4varusteet - Milli Concept Huonekalut\",\"isPartOf\":{\"@id\":\"https:\\\/\\\/www.milliconcept.fi\\\/huonekalut\\\/#website\"},\"primaryImageOfPage\":{\"@id\":\"https:\\\/\\\/www.milliconcept.fi\\\/huonekalut\\\/lisavarusteet\\\/#primaryimage\"},\"image\":{\"@id\":\"https:\\\/\\\/www.milliconcept.fi\\\/huonekalut\\\/lisavarusteet\\\/#primaryimage\"},\"thumbnailUrl\":\"https:\\\/\\\/www.milliconcept.fi\\\/huonekalut\\\/wp-content\\\/uploads\\\/sites\\\/3\\\/2025\\\/07\\\/KRAASELI_Lipasto_02_Musta_Harmaatammi_-1-1-1024x778.png\",\"datePublished\":\"2025-06-30T09:56:23+00:00\",\"dateModified\":\"2025-11-17T10:53:51+00:00\",\"breadcrumb\":{\"@id\":\"https:\\\/\\\/www.milliconcept.fi\\\/huonekalut\\\/lisavarusteet\\\/#breadcrumb\"},\"inLanguage\":\"fi\",\"potentialAction\":[{\"@type\":\"ReadAction\",\"target\":[\"https:\\\/\\\/www.milliconcept.fi\\\/huonekalut\\\/lisavarusteet\\\/\"]}]},{\"@type\":\"ImageObject\",\"inLanguage\":\"fi\",\"@id\":\"https:\\\/\\\/www.milliconcept.fi\\\/huonekalut\\\/lisavarusteet\\\/#primaryimage\",\"url\":\"https:\\\/\\\/www.milliconcept.fi\\\/huonekalut\\\/wp-content\\\/uploads\\\/sites\\\/3\\\/2025\\\/07\\\/KRAASELI_Lipasto_02_Musta_Harmaatammi_-1-1-scaled.png\",\"contentUrl\":\"https:\\\/\\\/www.milliconcept.fi\\\/huonekalut\\\/wp-content\\\/uploads\\\/sites\\\/3\\\/2025\\\/07\\\/KRAASELI_Lipasto_02_Musta_Harmaatammi_-1-1-scaled.png\",\"width\":2560,\"height\":1944},{\"@type\":\"BreadcrumbList\",\"@id\":\"https:\\\/\\\/www.milliconcept.fi\\\/huonekalut\\\/lisavarusteet\\\/#breadcrumb\",\"itemListElement\":[{\"@type\":\"ListItem\",\"position\":1,\"name\":\"Etusivu\",\"item\":\"https:\\\/\\\/www.milliconcept.fi\\\/huonekalut\\\/\"},{\"@type\":\"ListItem\",\"position\":2,\"name\":\"Lis\u00e4varusteet\"}]},{\"@type\":\"WebSite\",\"@id\":\"https:\\\/\\\/www.milliconcept.fi\\\/huonekalut\\\/#website\",\"url\":\"https:\\\/\\\/www.milliconcept.fi\\\/huonekalut\\\/\",\"name\":\"Milli Concept Huonekalut\",\"description\":\"\",\"potentialAction\":[{\"@type\":\"SearchAction\",\"target\":{\"@type\":\"EntryPoint\",\"urlTemplate\":\"https:\\\/\\\/www.milliconcept.fi\\\/huonekalut\\\/?s={search_term_string}\"},\"query-input\":{\"@type\":\"PropertyValueSpecification\",\"valueRequired\":true,\"valueName\":\"search_term_string\"}}],\"inLanguage\":\"fi\"}]}<\/script>\n<!-- \/ Yoast SEO plugin. -->","yoast_head_json":{"title":"Lis\u00e4varusteet - Milli Concept Huonekalut","robots":{"index":"index","follow":"follow","max-snippet":"max-snippet:-1","max-image-preview":"max-image-preview:large","max-video-preview":"max-video-preview:-1"},"canonical":"https:\/\/www.milliconcept.fi\/huonekalut\/lisavarusteet\/","og_locale":"fi_FI","og_type":"article","og_title":"Lis\u00e4varusteet - Milli Concept Huonekalut","og_description":"Lis\u00e4varusteet Viimeistele kustomoitu huonekalusi tyyliisi sopivilla vetimill\u00e4 tai kalustejaloilla. Vetimet Kalustejalat Muut","og_url":"https:\/\/www.milliconcept.fi\/huonekalut\/lisavarusteet\/","og_site_name":"Milli Concept Huonekalut","article_modified_time":"2025-11-17T10:53:51+00:00","og_image":[{"width":1024,"height":778,"url":"https:\/\/www.milliconcept.fi\/huonekalut\/wp-content\/uploads\/sites\/3\/2025\/07\/KRAASELI_Lipasto_02_Musta_Harmaatammi_-1-1-1024x778.png","type":"image\/png"}],"twitter_card":"summary_large_image","twitter_misc":{"Arvioitu lukuaika":"1 minuutti"},"schema":{"@context":"https:\/\/schema.org","@graph":[{"@type":"WebPage","@id":"https:\/\/www.milliconcept.fi\/huonekalut\/lisavarusteet\/","url":"https:\/\/www.milliconcept.fi\/huonekalut\/lisavarusteet\/","name":"Lis\u00e4varusteet - Milli Concept Huonekalut","isPartOf":{"@id":"https:\/\/www.milliconcept.fi\/huonekalut\/#website"},"primaryImageOfPage":{"@id":"https:\/\/www.milliconcept.fi\/huonekalut\/lisavarusteet\/#primaryimage"},"image":{"@id":"https:\/\/www.milliconcept.fi\/huonekalut\/lisavarusteet\/#primaryimage"},"thumbnailUrl":"https:\/\/www.milliconcept.fi\/huonekalut\/wp-content\/uploads\/sites\/3\/2025\/07\/KRAASELI_Lipasto_02_Musta_Harmaatammi_-1-1-1024x778.png","datePublished":"2025-06-30T09:56:23+00:00","dateModified":"2025-11-17T10:53:51+00:00","breadcrumb":{"@id":"https:\/\/www.milliconcept.fi\/huonekalut\/lisavarusteet\/#breadcrumb"},"inLanguage":"fi","potentialAction":[{"@type":"ReadAction","target":["https:\/\/www.milliconcept.fi\/huonekalut\/lisavarusteet\/"]}]},{"@type":"ImageObject","inLanguage":"fi","@id":"https:\/\/www.milliconcept.fi\/huonekalut\/lisavarusteet\/#primaryimage","url":"https:\/\/www.milliconcept.fi\/huonekalut\/wp-content\/uploads\/sites\/3\/2025\/07\/KRAASELI_Lipasto_02_Musta_Harmaatammi_-1-1-scaled.png","contentUrl":"https:\/\/www.milliconcept.fi\/huonekalut\/wp-content\/uploads\/sites\/3\/2025\/07\/KRAASELI_Lipasto_02_Musta_Harmaatammi_-1-1-scaled.png","width":2560,"height":1944},{"@type":"BreadcrumbList","@id":"https:\/\/www.milliconcept.fi\/huonekalut\/lisavarusteet\/#breadcrumb","itemListElement":[{"@type":"ListItem","position":1,"name":"Etusivu","item":"https:\/\/www.milliconcept.fi\/huonekalut\/"},{"@type":"ListItem","position":2,"name":"Lis\u00e4varusteet"}]},{"@type":"WebSite","@id":"https:\/\/www.milliconcept.fi\/huonekalut\/#website","url":"https:\/\/www.milliconcept.fi\/huonekalut\/","name":"Milli Concept Huonekalut","description":"","potentialAction":[{"@type":"SearchAction","target":{"@type":"EntryPoint","urlTemplate":"https:\/\/www.milliconcept.fi\/huonekalut\/?s={search_term_string}"},"query-input":{"@type":"PropertyValueSpecification","valueRequired":true,"valueName":"search_term_string"}}],"inLanguage":"fi"}]}},"_links":{"self":[{"href":"https:\/\/www.milliconcept.fi\/huonekalut\/wp-json\/wp\/v2\/pages\/104","targetHints":{"allow":["GET"]}}],"collection":[{"href":"https:\/\/www.milliconcept.fi\/huonekalut\/wp-json\/wp\/v2\/pages"}],"about":[{"href":"https:\/\/www.milliconcept.fi\/huonekalut\/wp-json\/wp\/v2\/types\/page"}],"author":[{"embeddable":true,"href":"https:\/\/www.milliconcept.fi\/huonekalut\/wp-json\/wp\/v2\/users\/3"}],"replies":[{"embeddable":true,"href":"https:\/\/www.milliconcept.fi\/huonekalut\/wp-json\/wp\/v2\/comments?post=104"}],"version-history":[{"count":6,"href":"https:\/\/www.milliconcept.fi\/huonekalut\/wp-json\/wp\/v2\/pages\/104\/revisions"}],"predecessor-version":[{"id":1259,"href":"https:\/\/www.milliconcept.fi\/huonekalut\/wp-json\/wp\/v2\/pages\/104\/revisions\/1259"}],"wp:attachment":[{"href":"https:\/\/www.milliconcept.fi\/huonekalut\/wp-json\/wp\/v2\/media?parent=104"}],"curies":[{"name":"wp","href":"https:\/\/api.w.org\/{rel}","templated":true}]}}