{"id":594,"date":"2025-07-29T16:13:55","date_gmt":"2025-07-29T13:13:55","guid":{"rendered":"https:\/\/www.milliconcept.fi\/huonekalut\/?post_type=product&#038;p=594"},"modified":"2025-11-17T14:59:05","modified_gmt":"2025-11-17T12:59:05","slug":"juliet-poytaratkaisu","status":"publish","type":"product","link":"https:\/\/www.milliconcept.fi\/huonekalut\/tuotteet\/juliet-poytaratkaisu\/","title":{"rendered":"JULIET"},"content":{"rendered":"\n<p><strong>Juliet<\/strong>\u00a0on monik\u00e4ytt\u00f6inen mittatilauskaluste, joka sopii t\u00e4ydellisesti\u00a0esimerkiksi <strong>sohvap\u00f6yd\u00e4ksi, y\u00f6p\u00f6yd\u00e4ksi tai kukkatasoksi<\/strong>. Juliet valmistetaan Suomessa laadukkaasta 16 mm kalustelevyst\u00e4 ja on erinomainen valinta, kun haluat yhdist\u00e4\u00e4 k\u00e4yt\u00e4nn\u00f6llisyyden ja tyylikk\u00e4\u00e4n muotoilun kotiisi.<\/p>\n\n\n\n<p>Julietin selke\u00e4 muotokieli ja mahdollisuus mittatilaukseen tekev\u00e4t siit\u00e4 kalusteen, joka istuu saumattomasti erilaisiin sisustustyyleihin ja tiloihin \u2013 olipa kyseess\u00e4 olohuone, makuuhuone tai vaikka eteinen.<\/p>\n\n\n\n<details class=\"wp-block-details is-layout-flow wp-block-details-is-layout-flow\"><summary>Lis\u00e4tietoja<\/summary>\n<p><strong>Materiaalit:<\/strong><\/p>\n\n\n\n<ul class=\"wp-block-list\">\n<li>Kotimainen 16 mm kalustelevy<\/li>\n\n\n\n<li>Saatavilla 16 eri v\u00e4rivaihtoehtoa<\/li>\n<\/ul>\n\n\n\n<p><strong>Mitat:<\/strong><\/p>\n\n\n\n<ul class=\"wp-block-list\">\n<li>Korkeus: 200\u2013800 mm<\/li>\n\n\n\n<li>Leveys: 400\u2013800 mm<\/li>\n\n\n\n<li>Syvyys: 400\u2013800 mm<\/li>\n<\/ul>\n\n\n\n<p><strong>V\u00e4rit:<\/strong><\/p>\n\n\n\n<ul class=\"wp-block-list\">\n<li>aina yksiv\u00e4rinen<\/li>\n<\/ul>\n<\/details>\n\n\n\n<div style=\"height:63px\" aria-hidden=\"true\" class=\"wp-block-spacer\"><\/div>\n\n\n\n<div class=\"wp-block-cover is-light\" style=\"min-height:50px;aspect-ratio:unset;\"><span aria-hidden=\"true\" class=\"wp-block-cover__background has-hiekka-background-color has-background-dim-100 has-background-dim\"><\/span><div class=\"wp-block-cover__inner-container is-layout-constrained wp-block-cover-is-layout-constrained\">\n<div class=\"wp-block-columns is-not-stacked-on-mobile is-style-no-gap is-layout-flex wp-container-core-columns-is-layout-9d6595d7 wp-block-columns-is-layout-flex\">\n<div class=\"wp-block-column is-layout-flow wp-block-column-is-layout-flow\" style=\"flex-basis:90px\">\n<figure class=\"wp-block-image size-large\"><img loading=\"lazy\" decoding=\"async\" width=\"613\" height=\"1024\" src=\"https:\/\/www.milliconcept.fi\/huonekalut\/wp-content\/uploads\/sites\/3\/2025\/07\/47d4a3236f7fdc5212f5d596f39c2e47330d9544-kopio-1-768x1283-1-613x1024.jpg\" alt=\"\" class=\"wp-image-175\" srcset=\"https:\/\/www.milliconcept.fi\/huonekalut\/wp-content\/uploads\/sites\/3\/2025\/07\/47d4a3236f7fdc5212f5d596f39c2e47330d9544-kopio-1-768x1283-1-613x1024.jpg 613w, https:\/\/www.milliconcept.fi\/huonekalut\/wp-content\/uploads\/sites\/3\/2025\/07\/47d4a3236f7fdc5212f5d596f39c2e47330d9544-kopio-1-768x1283-1-180x300.jpg 180w, https:\/\/www.milliconcept.fi\/huonekalut\/wp-content\/uploads\/sites\/3\/2025\/07\/47d4a3236f7fdc5212f5d596f39c2e47330d9544-kopio-1-768x1283-1.jpg 768w\" sizes=\"auto, (max-width: 613px) 100vw, 613px\" \/><\/figure>\n<\/div>\n\n\n\n<div class=\"wp-block-column is-layout-flow wp-block-column-is-layout-flow\" style=\"flex-basis:18px\"><\/div>\n\n\n\n<div class=\"wp-block-column is-vertically-aligned-bottom is-layout-flow wp-block-column-is-layout-flow\">\n<h4 class=\"wp-block-heading is-style-dm-mono is-style-dm-serif\">Saitko idean?<\/h4>\n\n\n\n<p>Suunnitellaan yhdess\u00e4 huonekalut kotiisi, jotka sopii t\u00e4ydellisesti!<\/p>\n\n\n\n<div class=\"wp-block-buttons is-style-hide-on-mobile is-layout-flex wp-block-buttons-is-layout-flex\">\n<div class=\"wp-block-button is-style-plus\"><a class=\"wp-block-button__link wp-element-button\" href=\"https:\/\/www.milliconcept.fi\/huonekalut\/suunnittelu\/\">Varaa suunnitteluaika<\/a><\/div>\n<\/div>\n<\/div>\n<\/div>\n\n\n\n<div class=\"wp-block-buttons is-style-hide-on-desktop is-layout-flex wp-block-buttons-is-layout-flex\">\n<div class=\"wp-block-button is-style-plus\"><a class=\"wp-block-button__link wp-element-button\">Varaa suunnitteluaika<\/a><\/div>\n<\/div>\n<\/div><\/div>\n","protected":false},"featured_media":225,"template":"","class_list":["post-594","product","type-product","status-publish","has-post-thumbnail","hentry","product_category-poydat"],"acf":[],"yoast_head":"<!-- This site is optimized with the Yoast SEO plugin v27.4 - https:\/\/yoast.com\/product\/yoast-seo-wordpress\/ -->\n<title>JULIET - Milli Concept Huonekalut<\/title>\n<meta name=\"robots\" content=\"index, follow, max-snippet:-1, max-image-preview:large, max-video-preview:-1\" \/>\n<link rel=\"canonical\" href=\"https:\/\/www.milliconcept.fi\/huonekalut\/tuotteet\/juliet-poytaratkaisu\/\" \/>\n<meta property=\"og:locale\" content=\"fi_FI\" \/>\n<meta property=\"og:type\" content=\"article\" \/>\n<meta property=\"og:title\" content=\"JULIET - Milli Concept Huonekalut\" \/>\n<meta property=\"og:description\" content=\"Juliet\u00a0on monik\u00e4ytt\u00f6inen mittatilauskaluste, joka sopii t\u00e4ydellisesti\u00a0esimerkiksi sohvap\u00f6yd\u00e4ksi, y\u00f6p\u00f6yd\u00e4ksi tai kukkatasoksi. Juliet valmistetaan Suomessa laadukkaasta 16 mm kalustelevyst\u00e4 ja on erinomainen valinta, kun haluat yhdist\u00e4\u00e4 k\u00e4yt\u00e4nn\u00f6llisyyden ja tyylikk\u00e4\u00e4n muotoilun kotiisi. Julietin selke\u00e4 muotokieli ja mahdollisuus mittatilaukseen tekev\u00e4t siit\u00e4 kalusteen, joka istuu saumattomasti erilaisiin sisustustyyleihin ja tiloihin \u2013 olipa kyseess\u00e4 olohuone, makuuhuone tai vaikka eteinen.\" \/>\n<meta property=\"og:url\" content=\"https:\/\/www.milliconcept.fi\/huonekalut\/tuotteet\/juliet-poytaratkaisu\/\" \/>\n<meta property=\"og:site_name\" content=\"Milli Concept Huonekalut\" \/>\n<meta property=\"article:modified_time\" content=\"2025-11-17T12:59:05+00:00\" \/>\n<meta property=\"og:image\" content=\"https:\/\/www.milliconcept.fi\/huonekalut\/wp-content\/uploads\/sites\/3\/2025\/07\/JULIET-1024x499-1.jpg\" \/>\n\t<meta property=\"og:image:width\" content=\"1024\" \/>\n\t<meta property=\"og:image:height\" content=\"499\" \/>\n\t<meta property=\"og:image:type\" content=\"image\/jpeg\" \/>\n<meta name=\"twitter:card\" content=\"summary_large_image\" \/>\n<meta name=\"twitter:label1\" content=\"Arvioitu lukuaika\" \/>\n\t<meta name=\"twitter:data1\" content=\"1 minuutti\" \/>\n<script type=\"application\/ld+json\" class=\"yoast-schema-graph\">{\"@context\":\"https:\\\/\\\/schema.org\",\"@graph\":[{\"@type\":\"WebPage\",\"@id\":\"https:\\\/\\\/www.milliconcept.fi\\\/huonekalut\\\/tuotteet\\\/juliet-poytaratkaisu\\\/\",\"url\":\"https:\\\/\\\/www.milliconcept.fi\\\/huonekalut\\\/tuotteet\\\/juliet-poytaratkaisu\\\/\",\"name\":\"JULIET - Milli Concept Huonekalut\",\"isPartOf\":{\"@id\":\"https:\\\/\\\/www.milliconcept.fi\\\/huonekalut\\\/#website\"},\"primaryImageOfPage\":{\"@id\":\"https:\\\/\\\/www.milliconcept.fi\\\/huonekalut\\\/tuotteet\\\/juliet-poytaratkaisu\\\/#primaryimage\"},\"image\":{\"@id\":\"https:\\\/\\\/www.milliconcept.fi\\\/huonekalut\\\/tuotteet\\\/juliet-poytaratkaisu\\\/#primaryimage\"},\"thumbnailUrl\":\"https:\\\/\\\/www.milliconcept.fi\\\/huonekalut\\\/wp-content\\\/uploads\\\/sites\\\/3\\\/2025\\\/07\\\/JULIET-1024x499-1.jpg\",\"datePublished\":\"2025-07-29T13:13:55+00:00\",\"dateModified\":\"2025-11-17T12:59:05+00:00\",\"breadcrumb\":{\"@id\":\"https:\\\/\\\/www.milliconcept.fi\\\/huonekalut\\\/tuotteet\\\/juliet-poytaratkaisu\\\/#breadcrumb\"},\"inLanguage\":\"fi\",\"potentialAction\":[{\"@type\":\"ReadAction\",\"target\":[\"https:\\\/\\\/www.milliconcept.fi\\\/huonekalut\\\/tuotteet\\\/juliet-poytaratkaisu\\\/\"]}]},{\"@type\":\"ImageObject\",\"inLanguage\":\"fi\",\"@id\":\"https:\\\/\\\/www.milliconcept.fi\\\/huonekalut\\\/tuotteet\\\/juliet-poytaratkaisu\\\/#primaryimage\",\"url\":\"https:\\\/\\\/www.milliconcept.fi\\\/huonekalut\\\/wp-content\\\/uploads\\\/sites\\\/3\\\/2025\\\/07\\\/JULIET-1024x499-1.jpg\",\"contentUrl\":\"https:\\\/\\\/www.milliconcept.fi\\\/huonekalut\\\/wp-content\\\/uploads\\\/sites\\\/3\\\/2025\\\/07\\\/JULIET-1024x499-1.jpg\",\"width\":1024,\"height\":499},{\"@type\":\"BreadcrumbList\",\"@id\":\"https:\\\/\\\/www.milliconcept.fi\\\/huonekalut\\\/tuotteet\\\/juliet-poytaratkaisu\\\/#breadcrumb\",\"itemListElement\":[{\"@type\":\"ListItem\",\"position\":1,\"name\":\"Etusivu\",\"item\":\"https:\\\/\\\/www.milliconcept.fi\\\/huonekalut\\\/\"},{\"@type\":\"ListItem\",\"position\":2,\"name\":\"Tuotteet\",\"item\":\"https:\\\/\\\/www.milliconcept.fi\\\/huonekalut\\\/tuotteet\\\/\"},{\"@type\":\"ListItem\",\"position\":3,\"name\":\"JULIET\"}]},{\"@type\":\"WebSite\",\"@id\":\"https:\\\/\\\/www.milliconcept.fi\\\/huonekalut\\\/#website\",\"url\":\"https:\\\/\\\/www.milliconcept.fi\\\/huonekalut\\\/\",\"name\":\"Milli Concept Huonekalut\",\"description\":\"\",\"potentialAction\":[{\"@type\":\"SearchAction\",\"target\":{\"@type\":\"EntryPoint\",\"urlTemplate\":\"https:\\\/\\\/www.milliconcept.fi\\\/huonekalut\\\/?s={search_term_string}\"},\"query-input\":{\"@type\":\"PropertyValueSpecification\",\"valueRequired\":true,\"valueName\":\"search_term_string\"}}],\"inLanguage\":\"fi\"}]}<\/script>\n<!-- \/ Yoast SEO plugin. -->","yoast_head_json":{"title":"JULIET - Milli Concept Huonekalut","robots":{"index":"index","follow":"follow","max-snippet":"max-snippet:-1","max-image-preview":"max-image-preview:large","max-video-preview":"max-video-preview:-1"},"canonical":"https:\/\/www.milliconcept.fi\/huonekalut\/tuotteet\/juliet-poytaratkaisu\/","og_locale":"fi_FI","og_type":"article","og_title":"JULIET - Milli Concept Huonekalut","og_description":"Juliet\u00a0on monik\u00e4ytt\u00f6inen mittatilauskaluste, joka sopii t\u00e4ydellisesti\u00a0esimerkiksi sohvap\u00f6yd\u00e4ksi, y\u00f6p\u00f6yd\u00e4ksi tai kukkatasoksi. Juliet valmistetaan Suomessa laadukkaasta 16 mm kalustelevyst\u00e4 ja on erinomainen valinta, kun haluat yhdist\u00e4\u00e4 k\u00e4yt\u00e4nn\u00f6llisyyden ja tyylikk\u00e4\u00e4n muotoilun kotiisi. Julietin selke\u00e4 muotokieli ja mahdollisuus mittatilaukseen tekev\u00e4t siit\u00e4 kalusteen, joka istuu saumattomasti erilaisiin sisustustyyleihin ja tiloihin \u2013 olipa kyseess\u00e4 olohuone, makuuhuone tai vaikka eteinen.","og_url":"https:\/\/www.milliconcept.fi\/huonekalut\/tuotteet\/juliet-poytaratkaisu\/","og_site_name":"Milli Concept Huonekalut","article_modified_time":"2025-11-17T12:59:05+00:00","og_image":[{"width":1024,"height":499,"url":"https:\/\/www.milliconcept.fi\/huonekalut\/wp-content\/uploads\/sites\/3\/2025\/07\/JULIET-1024x499-1.jpg","type":"image\/jpeg"}],"twitter_card":"summary_large_image","twitter_misc":{"Arvioitu lukuaika":"1 minuutti"},"schema":{"@context":"https:\/\/schema.org","@graph":[{"@type":"WebPage","@id":"https:\/\/www.milliconcept.fi\/huonekalut\/tuotteet\/juliet-poytaratkaisu\/","url":"https:\/\/www.milliconcept.fi\/huonekalut\/tuotteet\/juliet-poytaratkaisu\/","name":"JULIET - Milli Concept Huonekalut","isPartOf":{"@id":"https:\/\/www.milliconcept.fi\/huonekalut\/#website"},"primaryImageOfPage":{"@id":"https:\/\/www.milliconcept.fi\/huonekalut\/tuotteet\/juliet-poytaratkaisu\/#primaryimage"},"image":{"@id":"https:\/\/www.milliconcept.fi\/huonekalut\/tuotteet\/juliet-poytaratkaisu\/#primaryimage"},"thumbnailUrl":"https:\/\/www.milliconcept.fi\/huonekalut\/wp-content\/uploads\/sites\/3\/2025\/07\/JULIET-1024x499-1.jpg","datePublished":"2025-07-29T13:13:55+00:00","dateModified":"2025-11-17T12:59:05+00:00","breadcrumb":{"@id":"https:\/\/www.milliconcept.fi\/huonekalut\/tuotteet\/juliet-poytaratkaisu\/#breadcrumb"},"inLanguage":"fi","potentialAction":[{"@type":"ReadAction","target":["https:\/\/www.milliconcept.fi\/huonekalut\/tuotteet\/juliet-poytaratkaisu\/"]}]},{"@type":"ImageObject","inLanguage":"fi","@id":"https:\/\/www.milliconcept.fi\/huonekalut\/tuotteet\/juliet-poytaratkaisu\/#primaryimage","url":"https:\/\/www.milliconcept.fi\/huonekalut\/wp-content\/uploads\/sites\/3\/2025\/07\/JULIET-1024x499-1.jpg","contentUrl":"https:\/\/www.milliconcept.fi\/huonekalut\/wp-content\/uploads\/sites\/3\/2025\/07\/JULIET-1024x499-1.jpg","width":1024,"height":499},{"@type":"BreadcrumbList","@id":"https:\/\/www.milliconcept.fi\/huonekalut\/tuotteet\/juliet-poytaratkaisu\/#breadcrumb","itemListElement":[{"@type":"ListItem","position":1,"name":"Etusivu","item":"https:\/\/www.milliconcept.fi\/huonekalut\/"},{"@type":"ListItem","position":2,"name":"Tuotteet","item":"https:\/\/www.milliconcept.fi\/huonekalut\/tuotteet\/"},{"@type":"ListItem","position":3,"name":"JULIET"}]},{"@type":"WebSite","@id":"https:\/\/www.milliconcept.fi\/huonekalut\/#website","url":"https:\/\/www.milliconcept.fi\/huonekalut\/","name":"Milli Concept Huonekalut","description":"","potentialAction":[{"@type":"SearchAction","target":{"@type":"EntryPoint","urlTemplate":"https:\/\/www.milliconcept.fi\/huonekalut\/?s={search_term_string}"},"query-input":{"@type":"PropertyValueSpecification","valueRequired":true,"valueName":"search_term_string"}}],"inLanguage":"fi"}]}},"_links":{"self":[{"href":"https:\/\/www.milliconcept.fi\/huonekalut\/wp-json\/wp\/v2\/product\/594","targetHints":{"allow":["GET"]}}],"collection":[{"href":"https:\/\/www.milliconcept.fi\/huonekalut\/wp-json\/wp\/v2\/product"}],"about":[{"href":"https:\/\/www.milliconcept.fi\/huonekalut\/wp-json\/wp\/v2\/types\/product"}],"wp:featuredmedia":[{"embeddable":true,"href":"https:\/\/www.milliconcept.fi\/huonekalut\/wp-json\/wp\/v2\/media\/225"}],"wp:attachment":[{"href":"https:\/\/www.milliconcept.fi\/huonekalut\/wp-json\/wp\/v2\/media?parent=594"}],"curies":[{"name":"wp","href":"https:\/\/api.w.org\/{rel}","templated":true}]}}